= 196 + -108. What is the greatest common factor of z and r?
8
Let m(q) = 28*q**2 + q - 1. Let w be m(2). Suppose -3*f = 5*t - w, -t = 3*t - 5*f - 83. Calculate the highest common factor of t and 33.
11
Let f(k) = -k - 4. Let h be f(-4). Suppose -s + 5*s - 104 = h. Suppose -s = -5*a + 3*a. What is the greatest common divisor of 39 and a?
13
Suppose -4*i + 156 + 148 = 0. Calculate the greatest common divisor of 57 and i.
19
Suppose -5*r + 1206 = -4*l, -r + 5*l + 721 = 2*r. What is the greatest common divisor of 22 and r?
22
Let u(x) = 2*x - 3*x + 3 + 4 - 5. Let j be u(0). Calculate the greatest common divisor of j and 2.
2
Let q be -1*2/(-2)*9. Let s(i) = -i. Let t(x) = -x**2 - 4*x + 2. Let y(h) = 5*s(h) - t(h). Let w be y(5). Calculate the highest common divisor of q and w.
9
Suppose 5*v - 3*t = 3, t - 8 = 4*v - 4*t. Suppose 3*u = 7 + 2, v*u + 6 = h. What is the highest common divisor of h and 3?
3
Suppose -14 = -10*r + 6. Let z(v) = 4*v**2 - 2*v + 1. Let j be z(1). Suppose r = q - 2, j*q = -4*l + 204. Calculate the greatest common divisor of 32 and l.
16
Let f = -19 + 15. Let q = f + 22. What is the greatest common factor of q and 198?
18
Let i be 3 - (2 - 0 - 125). Let l be 2/(-9) - (-256)/18. What is the greatest common divisor of l and i?
14
Let h = -83 - -95. What is the highest common divisor of h and 9?
3
Let l(h) = h**3 + 4*h**2 - 4*h - 6. Let n be l(-4). Suppose 5*r - 7*r + 10 = 0. Calculate the highest common factor of r and n.
5
Let u be (120/75)/(4/30). Calculate the greatest common divisor of u and 48.
12
Suppose 36 = -3*l + 6*l. Suppose -5 = x - 3*i, 5*x - i = -5*i + 32. Calculate the highest common factor of x and l.
4
Let w = 4 + 4. Calculate the greatest common divisor of 40 and w.
8
Let y be (4/(-6))/((-4)/(-6)). Let x be (-3)/(-1) + (y - -2). Suppose 16 = -s + 2*s. Calculate the greatest common factor of x and s.
4
Let t be (-126)/(-6) - (-6)/(-2). Let a be (1 - -11)*(-1)/(-2). Calculate the greatest common factor of t and a.
6
Suppose -2*g + 613 = 5*k - 0*k, -g - 359 = -3*k. Let m be (-3 - -6) + (-1 - 0). Suppose -b + 33 = m*b. Calculate the highest common divisor of b and k.
11
Suppose r - 4*u - 20 = 0, u + 12 = r - 5. Let y(v) = -2*v**3 + 19*v**2 - 17*v + 8. Let z be y(8). Calculate the greatest common factor of z and r.
16
Let u = 6 + -3. Let w(t) = t**2 - 2*t + 3. Let c be w(u). Let j(o) = -o**2 + 13*o + 3. Let d be j(c). What is the greatest common factor of d and 30?
15
Suppose 0 = -6*g + 3*g + 36. Calculate the greatest common factor of g and 4.
4
Let a(z) = 7*z + 1. Let o be a(7). Suppose -2*j - 44 = 4*f, -3*f + o = -7*f + j. Let v = f + 22. What is the highest common divisor of v and 10?
10
Let r = 220 - 180. Calculate the greatest common divisor of r and 32.
8
Let x be (-3)/(-5) + (-737)/(-5). Suppose x = 3*v + 13. What is the highest common factor of 30 and v?
15
Let z = -1 + 0. Let b be 0 + z + (-9)/(-3). Suppose -b*w = 11 - 35. What is the highest common divisor of 120 and w?
12
Let y(j) = -j + 1. Let o(m) = -3*m + 16. Let a(i) = o(i) - 6*y(i). Let b be a(8). Calculate the highest common factor of 85 and b.
17
Let v(f) = f**2 + 4*f - 12. Let g be v(5). Calculate the highest common divisor of g and 3.
3
Suppose 0 = 14*l - 20*l + 396. What is the greatest common divisor of l and 99?
33
Suppose 2*p - p = 52. What is the highest common factor of 26 and p?
26
Suppose 2*s + 0*s - 8 = 0. Suppose -5*x + s*d = -66, 5*d + 6 = -x + d. Let z be 239/3 - 2/(-6). What is the highest common divisor of x and z?
10
Let q(l) = 2*l**2 - 5*l - 6. Let c be q(-2). Calculate the greatest common divisor of 16 and c.
4
Let g(s) = -2*s - 28. Let k be g(-16). Calculate the highest common factor of k and 32.
4
Let g(q) = q**3 - 21*q**2 - q + 36. Let b be g(21). Calculate the highest common factor of b and 345.
15
Suppose 1 = o - 1. Let u(z) = -7 + 3*z**o + 8*z - z**2 - 3*z**2 + 2*z. Let n be u(7). Calculate the highest common divisor of 140 and n.
14
Let v = -74 + 46. Let a be -48*(3 + -2)/(-1). Let f = a + v. Calculate the highest common factor of 40 and f.
20
Let y be 12/(-18) + 154/6. Calculate the highest common divisor of y and 175.
25
Let m = 12 + -16. Let b be (32/24)/(m/(-126)). Calculate the highest common divisor of b and 28.
14
Let d = 428 - 303. What is the highest common divisor of d and 50?
25
Let k(s) = -s**2 - 4*s + 4. Let o be k(-4). Suppose o*u - u - 27 = 0. Suppose x + u = 2*x. What is the highest common divisor of x and 45?
9
Let w = -10 - -20. Let h(d) = -d + 13. Let y be h(w). Suppose -y*c + 6*c - 9 = 0. Calculate the greatest common factor of 1 and c.
1
Suppose 38 = -0*u + 2*u. Suppose -2*m = -6*m + 380. What is the greatest common divisor of u and m?
19
Suppose -z + 3*i + 8 = 0, 3*i = -0*i - 6. Let x be 0 + z*(-3)/(-6). Let s be (1/3)/(x/39). What is the greatest common divisor of 117 and s?
13
Let l(j) = j**2 - 8*j + 11. Let t be l(7). Calculate the highest common divisor of 12 and t.
4
Suppose 0 = -2*n + 10. Let t be 1976/18 + 2/9. Suppose 5*s = 3*s - 5*v + 110, 0 = -2*s - v + t. Calculate the highest common divisor of n and s.
5
Suppose 4*b + 47 - 1487 = 0. What is the greatest common divisor of b and 12?
12
Let h be ((-30)/8)/((-9)/24). Let t(o) = -o**3 + 12*o**2 - 3. Let q be t(11). Suppose q = 2*b - 102. What is the greatest common factor of b and h?
10
Let k(q) be the first derivative of 15*q**2/2 - q + 1. Let l be k(1). What is the greatest common factor of 28 and l?
14
Let o(q) = q**2 + q - 4. Let w be o(-3). Let z be 1 + -2 + w/(-1). Let r = 11 + z. Calculate the highest common factor of r and 16.
8
Let c(l) = -14*l + 3. Let f(b) = 1. Let j(o) = -c(o) + 4*f(o). Let x be j(7). Calculate the highest common divisor of 11 and x.
11
Let j = 463 + -244. Let i = j + -142. What is the greatest common divisor of i and 7?
7
Let r(b) = b**2 + b - 5. Suppose 5*o - 4*s - 12 + 4 = 0, -5*s = 3*o - 27. Let k be r(o). Calculate the highest common factor of 5 and k.
5
Suppose -5*v + 10 = -15. Suppose -v*y + 32 = -y. Calculate the highest common factor of 8 and y.
8
Suppose 0*a - 2*a - 410 = -4*l, -a = 2*l - 215. What is the greatest common divisor of l and 70?
35
Suppose -6*i + 80 = -2*i. What is the highest common divisor of i and 10?
10
Let s(t) = t**2 - 11*t + 3. Let z be s(11). What is the greatest common factor of 2 and z?
1
Suppose 8 = -b + 2*b. Let l = 59 + -27. Let c = 72 - l. What is the highest common divisor of c and b?
8
Let c(k) = 3*k**2 - 5*k + 6*k - 5*k**2. Let f be c(3). Let w = -11 - f. Calculate the greatest common factor of 36 and w.
4
Suppose -i + 7*i - 186 = 0. Calculate the greatest common divisor of i and 124.
31
Let o(a) = 4*a - 3. Let v be o(4). Let u be (-4 - (-3 + -1)) + v. What is the greatest common divisor of u and 117?
13
Let j(w) = w + 23. Let g be j(-7). Let s = g - 6. Calculate the highest common factor of 110 and s.
10
Suppose -5*v - 3 + 4 = -2*g, 3*v + 5 = 4*g. Let j(t) = t**2 + 2*t - 3. Let k be j(g). Let x = -8 + 13. What is the greatest common factor of k and x?
5
Suppose 27*f - 28*f + 27 = 0. Suppose 0*r - r + 9 = 0. What is the greatest common divisor of f and r?
9
Let n = 137 - 109. Calculate the greatest common factor of n and 140.
28
Let p(d) = d**2 + d - 3. Let f be p(9). Suppose 7 = -3*m - 4*n + f, -m + 4*n = -16. Suppose -3*j - m = -72. Calculate the highest common factor of 144 and j.
16
Let w(y) = -5*y - 2. Let n be w(-3). Suppose 3*g = -5*h - 538, -2*h - 150 = -2*g - 514. Let m = -38 - g. What is the greatest common divisor of n and m?
13
Let g be 12/66 - 713/(-11). Let z = g + 78. What is the highest common divisor of z and 13?
13
Let t be (-68 + 2 + 2)*(-4)/4. What is the highest common factor of 8 and t?
8
Suppose 2*o = -o. Suppose d = -2, -3*m + 7 = -2*d - o. What is the highest common divisor of 7 and m?
1
Suppose 5*o - 264 = o. Let d(l) = -l**2 + 7*l. Suppose -m + 12 = 2*u, -u + m + 6 = 5*m. Let b be d(u). What is the greatest common divisor of b and o?
6
Let t = -172 + 192. What is the highest common divisor of 12 and t?
4
Let k(b) = b**3 - 5*b**2 - 7*b + 5. Let v be k(6). Let w = 3 + v. Suppose -w*x = -o + 18, -x + 6*x = 2*o - 38. Calculate the greatest common divisor of o and 7.
7
Let w = -18 - -33. Let q = 3 + 0. Calculate the highest common divisor of q and w